{"id":3993,"date":"2016-07-07T09:49:40","date_gmt":"2016-07-07T07:49:40","guid":{"rendered":"http:\/\/it.elds.org\/gesu-cristo-org\/?page_id=3993"},"modified":"2016-10-01T15:56:18","modified_gmt":"2016-10-01T13:56:18","slug":"proposito-della-more-good-foundation","status":"publish","type":"page","link":"https:\/\/it.elds.org\/gesu-cristo-org\/proposito-della-more-good-foundation\/","title":{"rendered":"A Proposito della More Good Foundation"},"content":{"rendered":"<p><a href=\"http:\/\/it.elds.org\/mormoni-com\/files\/2016\/07\/More-Good-Foundation.jpg\"><img fetchpriority=\"high\" fetchpriority=\"high\" decoding=\"async\" class=\"aligncenter wp-image-7886 size-full\" title=\"More Good Foundation\" src=\"http:\/\/it.elds.org\/mormoni-com\/files\/2016\/07\/More-Good-Foundation.jpg\" alt=\"More Good Foundation\" width=\"720\" height=\"405\" \/><\/a><\/p>\n<p class=\"p1\"><span class=\"s1\">Mormoni.com \u00e8 sponsorizzato da un&#8217;organizzazione senza scopo di lucro chiamata \u201c<a href=\"http:\/\/www.moregoodfoundation.org\/about-us\">More Good Foundation<\/a>\u201d.<\/span><\/p>\n<p class=\"p1\"><span class=\"s1\">Utilizzando la rete moderna, forniamo gli strumenti, l&#8217;addestramento ed il sostegno necessario ai membri della Chiesa per poter condividere i loro principi tramite internet. Non crediamo che sia giusto nascondere la nostra candela sotto il moggio, ed internet ci fornisce un modo per far si che tutti noi possiamo tenere alte le nostre candele, fornendo luce a tutti.<\/span><\/p>\n<h2><span class=\"s1\">Chi \u00e8 la\u00a0<\/span><span class=\"s1\">More Good Foundation<\/span><\/h2>\n<p class=\"p1\"><span class=\"s1\">La More Good Foundation\u00a0\u00e8 stata fondata privatamente come organizzazione senza scopo di lucro che promuove ed aiuta i membri della Chiesa di Ges\u00f9 Cristo dei Santi degli Ultimi Giorni (spesso chiamati Mormoni) a condividere online la propria fede. E&#8217; stata fondata nel 2005 come soluzione per il travolgente bisogno di informazioni accurate via internet sulla Chiesa di Ges\u00f9 Cristo. La sua sede principale \u00e8 locata negli Stati Uniti ma ha dei team pi\u00f9 piccoli e dinamici in ogni parte del mondo.<\/span><\/p>\n<h2><span class=\"s1\">In che modo opera la\u00a0<\/span><span class=\"s1\">More Good Foundation<\/span><\/h2>\n<p class=\"p1\"><span class=\"s1\">La More Good Foundation \u00e8 fondata sulle generose donazioni date da parte dei singoli membri della Chiesa. Pu\u00f2 anche ricevere aiuti da dei fondi, delle corporazioni e fondazioni, compresa la Fondazione della Chiesa di Ges\u00f9 Cristo dei Santi degli Ultimi Giorni, una fondazione supportata completamente dalle entrate delle compagnie con scopo di lucro. La More Good Foundation sostiene in ogni modo la Chiesa di Ges\u00f9 Cristo dei Santi degli Ultimi Giorni, ma non \u00e8 una sua propriet\u00e0 e non viene gestita dalla Chiesa.<\/span><\/p>\n<h2><span class=\"s1\">Cosa fa la More Good Foundation:<\/span><\/h2>\n<ul>\n<li class=\"p1\"><span class=\"s1\">Le nostre missioni sono le seguenti:<\/span><\/li>\n<li class=\"p1\"><span class=\"s1\">Facilitare le manifestazioni personali della propria fede<\/span><\/li>\n<li class=\"p1\"><span class=\"s1\">Raggiungere le persone che stanno cercando la verit\u00e0 utilizzando un loro lessico<\/span><\/li>\n<li class=\"p1\"><span class=\"s1\">Pubblicare e promuovere materiale di alta qualit\u00e0 riguardo alla Chiesa<\/span><\/li>\n<li class=\"p1\"><span class=\"s1\">Fornire una voce non ufficiale<\/span><\/li>\n<li class=\"p1\"><span class=\"s1\">Riferire le persone interessate alla Chiesa<\/span><\/li>\n<li class=\"p1\"><span class=\"s1\">Riflettere l&#8217;influenza positiva dei membri della Chiesa di Ges\u00f9 Cristo dei Santi degli Ultimi Giorni (i Mormoni)<\/span><\/li>\n<\/ul>\n<p class=\"p1\"><span class=\"s1\">Ci uniamo agli altri nel seguire <a href=\"https:\/\/www.lds.org\/prophets-and-apostles\/unto-all-the-world\/to-sweep-the-earth-as-with-a-flood?lang=ita\">l&#8217;ammonizione dell&#8217;Anziano David A. Bednar<\/a> del quorum dei Dodici Apostoli \u201cvi esorto a inondare la terra con messaggi pieni di rettitudine e verit\u00e0 \u2014 messaggi autentici, edificanti e degni di lode \u2014 e di spazzare letteralmente la terra come con un diluvio.\u201d<\/span><\/p>\n<p class=\"p1\"><span class=\"s1\">Alcuni modi in cui ci sforziamo di fare questo sono:<\/span><\/p>\n<p class=\"p1\"><span class=\"s1\"><a href=\"http:\/\/it.elds.org\/mormoni-com\/files\/2016\/07\/christ-calling-fishermen.jpg\"><img decoding=\"async\" class=\"aligncenter wp-image-7887 size-full\" title=\"Ges\u00f9 chiama i suoi discepoli\" src=\"http:\/\/it.elds.org\/mormoni-com\/files\/2016\/07\/christ-calling-fishermen.jpg\" alt=\"ges\u00f9-chiama-discepoli\" width=\"795\" height=\"497\" \/><\/a><\/span><\/p>\n<p class=\"p1\"><span class=\"s1\">Addestriamo i membri della Chiesa in tutto il mondo ad utilizzare in modo efficace i media digitali nel condividere il vangelo di Ges\u00f9 Cristo, cos\u00ec come i nostri principi e testimonianze. Visitate <a href=\"http:\/\/www.moregoodfoundation.org\/share\">LDS Share Expo<\/a> per delle risorse gratuite online. Il materiale \u00e8 ancora in inglese ma verr\u00e0 tradotto a breve. Potete contattare italian@moregoodfoundation.org se avete qualsiasi domanda.<\/span><\/p>\n<p class=\"p1\"><span class=\"s1\">Produciamo anche molti contenuti vari (es: video, articoli e grafici) che forniscono informazioni corrette ed edificanti sulla Chiesa di Ges\u00f9 Cristo dei Santi degli Ultimi Giorni, sia per i membri della Chiesa che per le persone che non sono della nostra fede. Ecco qui un esempio dei video che creiamo.<\/span><\/p>\n<p class=\"p1\"><span class=\"s1\">Gestiamo pi\u00f9 di 400 siti internet che sostengono la missione della fondazione, e forniamo il supporto per un altro centinaio di siti. Cliccate qui per vedere una <a href=\"http:\/\/www.moregoodfoundation.org\/websites\">selezione dei nostri siti internet<\/a>.<\/span><\/p>\n<h2><span class=\"s1\">Perch\u00e9 la Fondazione per il Meglio si chiama cos\u00ec<\/span><\/h2>\n<p class=\"p1\"><span class=\"s1\">Il nome \u201cMore Good Foundation\u201d (Fondazione per il Meglio) ha origine nell&#8217;affermazione fatta da Joseph Smith in una lettera all&#8217;editore del giornale \u201cTimes and Seasons\u201d, nel quale spiegava che la traduzione letterale della parola Mormone era \u201cMore Good\u201d (migliore) \u2013 vedere Insegnamenti del Profeta Joseph Smith, pagine 299- 300). Questo concetto \u00e8 stato elaborato da Gordon B. Hinckley in un discorso dell&#8217;ottobre del 1990 intitolato \u201cMormone dovrebbe voler dire &#8216;Migliore&#8217;\u201d.<\/span><\/p>\n<h2><span class=\"s1\">Cosa potete fare<\/span><\/h2>\n<p class=\"p1\"><span class=\"s1\">Se siete interessati ad unirvi ai nostri sforzi, siamo sempre felici di avere aiuto con le traduzioni, con la creazione di nuovo materiale o promuovere contenuti corretti ed edificanti sulla chiesa sul vostro proprio sito internet o blog. Non c&#8217;\u00e8 bisogno di nessuna esperienza precedente nel gestire un sito \u2013 offriamo l&#8217;addestramento ed in supporto necessario per aiutarvi ad iniziare ed a prendere la mano. Se avete delle domande o delle idee che volete condividere, non esitate a <a href=\"http:\/\/italian@moregoodfoundation.org\">contattarci<\/a>.<\/span><\/p>\n<p class=\"p1\"><span class=\"s1\">Ricordiamo che tutte le nostre azioni non hanno lo scopo di avere del profitto e non autorizziamo la pubblicit\u00e0 (n\u00e9 immagini n\u00e9 video) sui nostri siti.<\/span><\/p>\n","protected":false},"excerpt":{"rendered":"<p>Mormoni.com \u00e8 sponsorizzato da un&#8217;organizzazione senza scopo di lucro chiamata \u201cMore Good Foundation\u201d. Utilizzando la rete moderna, forniamo gli strumenti, l&#8217;addestramento ed il sostegno necessario ai membri della Chiesa per poter condividere i loro principi tramite internet. Non crediamo che sia giusto nascondere la nostra candela sotto il moggio, ed internet ci fornisce un modo [&hellip;]<\/p>\n","protected":false},"author":23,"featured_media":0,"parent":0,"menu_order":0,"comment_status":"closed","ping_status":"closed","template":"","meta":{"_et_pb_use_builder":"","_et_pb_old_content":"","_et_gb_content_width":"","_monsterinsights_skip_tracking":false,"_monsterinsights_sitenote_active":false,"_monsterinsights_sitenote_note":"","_monsterinsights_sitenote_category":0,"ngg_post_thumbnail":0,"footnotes":""},"class_list":["post-3993","page","type-page","status-publish","hentry"],"yoast_head":"<!-- This site is optimized with the Yoast SEO plugin v27.6 - https:\/\/yoast.com\/product\/yoast-seo-wordpress\/ -->\n<title>A Proposito della More Good Foundation | gesucristo.org<\/title>\n<meta name=\"description\" content=\"La More Good Foundation aiuta ii membri della Chiesa in tutto il mondo ad utilizzare in modo efficace i media digitali nel condividere il vangelo di Ges\u00f9\" \/>\n<meta name=\"robots\" content=\"index, follow, max-snippet:-1, max-image-preview:large, max-video-preview:-1\" \/>\n<link rel=\"canonical\" href=\"http:\/\/mormoni.com\/a-proposito-della-more-good-foundation\/\" \/>\n<meta property=\"og:locale\" content=\"it_IT\" \/>\n<meta property=\"og:type\" content=\"article\" \/>\n<meta property=\"og:title\" content=\"A Proposito della More Good Foundation | gesucristo.org\" \/>\n<meta property=\"og:description\" content=\"La More Good Foundation aiuta ii membri della Chiesa in tutto il mondo ad utilizzare in modo efficace i media digitali nel condividere il vangelo di Ges\u00f9\" \/>\n<meta property=\"og:url\" content=\"http:\/\/mormoni.com\/a-proposito-della-more-good-foundation\/\" \/>\n<meta property=\"og:site_name\" content=\"gesucristo.org\" \/>\n<meta property=\"article:modified_time\" content=\"2016-10-01T13:56:18+00:00\" \/>\n<meta name=\"twitter:card\" content=\"summary_large_image\" \/>\n<meta name=\"twitter:label1\" content=\"Tempo di lettura stimato\" \/>\n\t<meta name=\"twitter:data1\" content=\"3 minuti\" \/>\n<script type=\"application\/ld+json\" class=\"yoast-schema-graph\">{\"@context\":\"https:\\\/\\\/schema.org\",\"@graph\":[{\"@type\":\"WebPage\",\"@id\":\"https:\\\/\\\/it.elds.org\\\/gesu-cristo-org\\\/proposito-della-more-good-foundation\\\/\",\"url\":\"http:\\\/\\\/mormoni.com\\\/a-proposito-della-more-good-foundation\\\/\",\"name\":\"A Proposito della More Good Foundation | gesucristo.org\",\"isPartOf\":{\"@id\":\"https:\\\/\\\/it.elds.org\\\/gesu-cristo-org\\\/#website\"},\"primaryImageOfPage\":{\"@id\":\"http:\\\/\\\/mormoni.com\\\/a-proposito-della-more-good-foundation\\\/#primaryimage\"},\"image\":{\"@id\":\"http:\\\/\\\/mormoni.com\\\/a-proposito-della-more-good-foundation\\\/#primaryimage\"},\"thumbnailUrl\":\"http:\\\/\\\/it.elds.org\\\/mormoni-com\\\/files\\\/2016\\\/07\\\/More-Good-Foundation.jpg\",\"datePublished\":\"2016-07-07T07:49:40+00:00\",\"dateModified\":\"2016-10-01T13:56:18+00:00\",\"description\":\"La More Good Foundation aiuta ii membri della Chiesa in tutto il mondo ad utilizzare in modo efficace i media digitali nel condividere il vangelo di Ges\u00f9\",\"breadcrumb\":{\"@id\":\"http:\\\/\\\/mormoni.com\\\/a-proposito-della-more-good-foundation\\\/#breadcrumb\"},\"inLanguage\":\"it-IT\",\"potentialAction\":[{\"@type\":\"ReadAction\",\"target\":[\"http:\\\/\\\/mormoni.com\\\/a-proposito-della-more-good-foundation\\\/\"]}]},{\"@type\":\"ImageObject\",\"inLanguage\":\"it-IT\",\"@id\":\"http:\\\/\\\/mormoni.com\\\/a-proposito-della-more-good-foundation\\\/#primaryimage\",\"url\":\"http:\\\/\\\/it.elds.org\\\/mormoni-com\\\/files\\\/2016\\\/07\\\/More-Good-Foundation.jpg\",\"contentUrl\":\"http:\\\/\\\/it.elds.org\\\/mormoni-com\\\/files\\\/2016\\\/07\\\/More-Good-Foundation.jpg\"},{\"@type\":\"BreadcrumbList\",\"@id\":\"http:\\\/\\\/mormoni.com\\\/a-proposito-della-more-good-foundation\\\/#breadcrumb\",\"itemListElement\":[{\"@type\":\"ListItem\",\"position\":1,\"name\":\"Home\",\"item\":\"https:\\\/\\\/it.elds.org\\\/gesu-cristo-org\\\/\"},{\"@type\":\"ListItem\",\"position\":2,\"name\":\"A Proposito della More Good Foundation\"}]},{\"@type\":\"WebSite\",\"@id\":\"https:\\\/\\\/it.elds.org\\\/gesu-cristo-org\\\/#website\",\"url\":\"https:\\\/\\\/it.elds.org\\\/gesu-cristo-org\\\/\",\"name\":\"gesucristo.org\",\"description\":\"Il sito gesucristo.org offre una visione allargata del vangelo restaurato di Ges\u00f9 Cristo e di come possiamo usarlo per vincere le sfide degli ultimi giorni, con consigli, esempi e storie edificanti.\",\"potentialAction\":[{\"@type\":\"SearchAction\",\"target\":{\"@type\":\"EntryPoint\",\"urlTemplate\":\"https:\\\/\\\/it.elds.org\\\/gesu-cristo-org\\\/?s={search_term_string}\"},\"query-input\":{\"@type\":\"PropertyValueSpecification\",\"valueRequired\":true,\"valueName\":\"search_term_string\"}}],\"inLanguage\":\"it-IT\"}]}<\/script>\n<!-- \/ Yoast SEO plugin. -->","yoast_head_json":{"title":"A Proposito della More Good Foundation | gesucristo.org","description":"La More Good Foundation aiuta ii membri della Chiesa in tutto il mondo ad utilizzare in modo efficace i media digitali nel condividere il vangelo di Ges\u00f9","robots":{"index":"index","follow":"follow","max-snippet":"max-snippet:-1","max-image-preview":"max-image-preview:large","max-video-preview":"max-video-preview:-1"},"canonical":"http:\/\/mormoni.com\/a-proposito-della-more-good-foundation\/","og_locale":"it_IT","og_type":"article","og_title":"A Proposito della More Good Foundation | gesucristo.org","og_description":"La More Good Foundation aiuta ii membri della Chiesa in tutto il mondo ad utilizzare in modo efficace i media digitali nel condividere il vangelo di Ges\u00f9","og_url":"http:\/\/mormoni.com\/a-proposito-della-more-good-foundation\/","og_site_name":"gesucristo.org","article_modified_time":"2016-10-01T13:56:18+00:00","twitter_card":"summary_large_image","twitter_misc":{"Tempo di lettura stimato":"3 minuti"},"schema":{"@context":"https:\/\/schema.org","@graph":[{"@type":"WebPage","@id":"https:\/\/it.elds.org\/gesu-cristo-org\/proposito-della-more-good-foundation\/","url":"http:\/\/mormoni.com\/a-proposito-della-more-good-foundation\/","name":"A Proposito della More Good Foundation | gesucristo.org","isPartOf":{"@id":"https:\/\/it.elds.org\/gesu-cristo-org\/#website"},"primaryImageOfPage":{"@id":"http:\/\/mormoni.com\/a-proposito-della-more-good-foundation\/#primaryimage"},"image":{"@id":"http:\/\/mormoni.com\/a-proposito-della-more-good-foundation\/#primaryimage"},"thumbnailUrl":"http:\/\/it.elds.org\/mormoni-com\/files\/2016\/07\/More-Good-Foundation.jpg","datePublished":"2016-07-07T07:49:40+00:00","dateModified":"2016-10-01T13:56:18+00:00","description":"La More Good Foundation aiuta ii membri della Chiesa in tutto il mondo ad utilizzare in modo efficace i media digitali nel condividere il vangelo di Ges\u00f9","breadcrumb":{"@id":"http:\/\/mormoni.com\/a-proposito-della-more-good-foundation\/#breadcrumb"},"inLanguage":"it-IT","potentialAction":[{"@type":"ReadAction","target":["http:\/\/mormoni.com\/a-proposito-della-more-good-foundation\/"]}]},{"@type":"ImageObject","inLanguage":"it-IT","@id":"http:\/\/mormoni.com\/a-proposito-della-more-good-foundation\/#primaryimage","url":"http:\/\/it.elds.org\/mormoni-com\/files\/2016\/07\/More-Good-Foundation.jpg","contentUrl":"http:\/\/it.elds.org\/mormoni-com\/files\/2016\/07\/More-Good-Foundation.jpg"},{"@type":"BreadcrumbList","@id":"http:\/\/mormoni.com\/a-proposito-della-more-good-foundation\/#breadcrumb","itemListElement":[{"@type":"ListItem","position":1,"name":"Home","item":"https:\/\/it.elds.org\/gesu-cristo-org\/"},{"@type":"ListItem","position":2,"name":"A Proposito della More Good Foundation"}]},{"@type":"WebSite","@id":"https:\/\/it.elds.org\/gesu-cristo-org\/#website","url":"https:\/\/it.elds.org\/gesu-cristo-org\/","name":"gesucristo.org","description":"Il sito gesucristo.org offre una visione allargata del vangelo restaurato di Ges\u00f9 Cristo e di come possiamo usarlo per vincere le sfide degli ultimi giorni, con consigli, esempi e storie edificanti.","potentialAction":[{"@type":"SearchAction","target":{"@type":"EntryPoint","urlTemplate":"https:\/\/it.elds.org\/gesu-cristo-org\/?s={search_term_string}"},"query-input":{"@type":"PropertyValueSpecification","valueRequired":true,"valueName":"search_term_string"}}],"inLanguage":"it-IT"}]}},"_links":{"self":[{"href":"https:\/\/it.elds.org\/gesu-cristo-org\/wp-json\/wp\/v2\/pages\/3993","targetHints":{"allow":["GET"]}}],"collection":[{"href":"https:\/\/it.elds.org\/gesu-cristo-org\/wp-json\/wp\/v2\/pages"}],"about":[{"href":"https:\/\/it.elds.org\/gesu-cristo-org\/wp-json\/wp\/v2\/types\/page"}],"author":[{"embeddable":true,"href":"https:\/\/it.elds.org\/gesu-cristo-org\/wp-json\/wp\/v2\/users\/23"}],"replies":[{"embeddable":true,"href":"https:\/\/it.elds.org\/gesu-cristo-org\/wp-json\/wp\/v2\/comments?post=3993"}],"version-history":[{"count":1,"href":"https:\/\/it.elds.org\/gesu-cristo-org\/wp-json\/wp\/v2\/pages\/3993\/revisions"}],"predecessor-version":[{"id":3995,"href":"https:\/\/it.elds.org\/gesu-cristo-org\/wp-json\/wp\/v2\/pages\/3993\/revisions\/3995"}],"wp:attachment":[{"href":"https:\/\/it.elds.org\/gesu-cristo-org\/wp-json\/wp\/v2\/media?parent=3993"}],"curies":[{"name":"wp","href":"https:\/\/api.w.org\/{rel}","templated":true}]}}